{"id":1588,"date":"2022-03-17T12:09:46","date_gmt":"2022-03-17T10:09:46","guid":{"rendered":"https:\/\/www.pioneergrup.ro\/magazin\/?post_type=product&#038;p=1588"},"modified":"2025-08-05T10:52:46","modified_gmt":"2025-08-05T07:52:46","slug":"baza-condiment-chiftele-200-g-pe-punga","status":"publish","type":"product","link":"https:\/\/www.pioneergrup.ro\/magazin\/produs\/baza-condiment-chiftele-200-g-pe-punga\/","title":{"rendered":"BAZ\u0102 condiment CHIFTELE &#8211; 200 g pe pung\u0103"},"content":{"rendered":"<h3>Produc\u0103tor STIA &#8211; Rom\u00e2nia<\/h3>\n<ul>\n<li>Doza: 200 g \/ 10.0 kg amestec compozi\u021bie<\/li>\n<li>Ingrediente:condimente naturale, uleiuri esen\u021biale (piper, boia dulce, ceap\u0103 pudr\u0103, p\u0103trunjel, m\u0103rar) pe suport de zaharuri \u0219i hidrolizat proteic.<\/li>\n<li><strong>Nu con\u021bine sare, E-uri \u0219i MSG<\/strong><\/li>\n<li>Termen de valabilitate: 12 luni \u00een ambalaj original.<\/li>\n<li>A se utiliza \u00een maxim 30 zile de la deschidere.<\/li>\n<li>Amestec condiment specific pentru \u00a0tocaturi.<\/li>\n<li>Ambalat \u00een pung\u0103 resigilabil\u0103.<\/li>\n<\/ul>\n","protected":false},"excerpt":{"rendered":"<p>Produc\u0103tor STIA &#8211; Rom\u00e2nia Doza: 200 g \/ 10.0 kg amestec compozi\u021bie Ingrediente:condimente naturale, uleiuri esen\u021biale (piper, boia dulce, ceap\u0103 pudr\u0103, p\u0103trunjel, m\u0103rar) pe suport de zaharuri \u0219i hidrolizat proteic. Nu con\u021bine sare, E-uri \u0219i MSG Termen de valabilitate: 12 luni \u00een ambalaj original. A se utiliza \u00een maxim 30 zile de la deschidere. Amestec [&#8230;]\n","protected":false},"featured_media":1591,"template":"","meta":[],"product_brand":[],"product_cat":[30],"product_tag":[31,41],"class_list":{"0":"post-1588","1":"product","2":"type-product","3":"status-publish","4":"has-post-thumbnail","6":"product_cat-amestecuri-de-condimente","7":"product_tag-amestecuri-de-condimente","8":"product_tag-condimente-specialitati","10":"first","11":"instock","12":"shipping-taxable","13":"purchasable","14":"product-type-simple"},"_links":{"self":[{"href":"https:\/\/www.pioneergrup.ro\/magazin\/wp-json\/wp\/v2\/product\/1588","targetHints":{"allow":["GET"]}}],"collection":[{"href":"https:\/\/www.pioneergrup.ro\/magazin\/wp-json\/wp\/v2\/product"}],"about":[{"href":"https:\/\/www.pioneergrup.ro\/magazin\/wp-json\/wp\/v2\/types\/product"}],"wp:featuredmedia":[{"embeddable":true,"href":"https:\/\/www.pioneergrup.ro\/magazin\/wp-json\/wp\/v2\/media\/1591"}],"wp:attachment":[{"href":"https:\/\/www.pioneergrup.ro\/magazin\/wp-json\/wp\/v2\/media?parent=1588"}],"wp:term":[{"taxonomy":"product_brand","embeddable":true,"href":"https:\/\/www.pioneergrup.ro\/magazin\/wp-json\/wp\/v2\/product_brand?post=1588"},{"taxonomy":"product_cat","embeddable":true,"href":"https:\/\/www.pioneergrup.ro\/magazin\/wp-json\/wp\/v2\/product_cat?post=1588"},{"taxonomy":"product_tag","embeddable":true,"href":"https:\/\/www.pioneergrup.ro\/magazin\/wp-json\/wp\/v2\/product_tag?post=1588"}],"curies":[{"name":"wp","href":"https:\/\/api.w.org\/{rel}","templated":true}]}}