{"id":3,"date":"2021-04-12T06:00:26","date_gmt":"2021-04-12T03:00:26","guid":{"rendered":"https:\/\/www.pioneergrup.ro\/magazin\/?page_id=3"},"modified":"2021-04-20T07:31:02","modified_gmt":"2021-04-20T04:31:02","slug":"politica-de-confidentialitate","status":"publish","type":"page","link":"https:\/\/www.pioneergrup.ro\/magazin\/politica-de-confidentialitate\/","title":{"rendered":"Politic\u0103 de confiden\u021bialitate"},"content":{"rendered":"\r\n<p><strong>REGLEMENT\u0102RI PRIVIND PROTEC\u021aIA DATELOR<\/strong><\/p>\r\n<p>La PIONEER-GRUP ne preocup\u0103m foarte serios de protec\u021bia datelor dumneavoastr\u0103 personale \u0219i respect\u0103m cu stricte\u021be regulile din Legea privind protec\u021bia datelor. Pe acest site, colect\u0103m numai date personale \u00een m\u0103sura \u00een care este necesar tehnic. \u00cen niciun caz, datele pe care le colect\u0103m nu sunt v\u00e2ndute sau transmise unor ter\u021be p\u0103r\u021bi pentru alte motive.<\/p>\r\n<p>Explica\u021bia urm\u0103toare v\u0103 ofer\u0103 o imagine de ansamblu a modului \u00een care garant\u0103m aceast\u0103 protec\u021bie \u0219i ce tip de date sunt colectate pentru ce scop.<\/p>\r\n<p><strong>PROCESAREA DATELOR PRIVIND DATELE ORIENTATE SPRE UTILIZARE<\/strong><\/p>\r\n<p>C\u00e2nd accesa\u021bi site-ul nostru web, urm\u0103toarele informa\u021bii tehnice generale, sunt \u00eenregistrate automat, prin intermediul unor\u00a0cookies: tipul de browser web, sistemul de operare utilizat, numele domeniului furnizorului dumneavoastr\u0103 de servicii de internet \u0219i alte informa\u021bii similare. Aceasta este exclusiv o informa\u021bie care nu ofer\u0103 nicio concluzie despre persoana dumneavoastr\u0103. O astfel de colectare \u0219i stocare a datelor poate fi opozabil\u0103\u00a0\u00een orice moment cu efecte\u00a0viitoare.<\/p>\r\n<p><strong>PRELUCRAREA DATELOR CU CARACTER PERSONAL<\/strong><\/p>\r\n<p>De exemplu, dac\u0103 vi se solicit\u0103 s\u0103 furniza\u021bi informa\u021bii personale \u00een formularul de contact disponibil pe pagina noastr\u0103, cum ar fi numele, adresa, adresa de e-mail \u0219i num\u0103rul de telefon. \u00cen acest context, vom folosi datele dumneavoastr\u0103 numai pentru a r\u0103spunde \u00eentreb\u0103rilor \u0219i sugestiilor dumneavoastr\u0103. Datele nu sunt transferate si nici stocate. Pute\u021bi s\u0103 retrage\u021bi acest consim\u021b\u0103m\u00e2nt \u00een orice moment, \u00een scris, cu efecte viitoare.\u00a0Contacta\u021bi-ne prin formularul de pe pagina de contact!<\/p>\r\n<p><strong>Utilizarea plugin-urilor sociale<\/strong><\/p>\r\n<p><strong>FACEBOOK<\/strong><\/p>\r\n<p>Site-urile noastre utilizeaz\u0103 func\u021bia social share (\u201eplugins\u201d) din re\u021beaua social\u0103 Facebook.com, care este operat\u0103 de Facebook Inc., Palo Alto, USA (\u201cFacebook\u201d). Plugins-urile sunt identificate printr-un logo Facebook.<\/p>\r\n<p>Dac\u0103 accesa\u021bi site-urile noastre, acestea vor fi ini\u021bial dezactivate. Plugins-urile sunt activate numai dup\u0103 ce ap\u0103sa\u021bi butonul furnizat. Aceast\u0103 activare stabile\u0219te un link c\u0103tre Facebook \u0219i v\u0103 afirm\u0103 consim\u021b\u0103m\u00e2ntul cu privire la datele transmise c\u0103tre Facebook. Dac\u0103 sunte\u021bi conectat la Facebook, Facebook poate asocia vizita cu contul dumneavoastr\u0103. Dac\u0103 ap\u0103sa\u021bi butonul respectiv, informa\u021bia corespunz\u0103toare este transmis\u0103 direct la Facebook de c\u0103tre browserul dumneavoastr\u0103 \u0219i procesat\u0103 acolo.<\/p>\r\n<p>Pentru informa\u021bii despre scopul \u0219i inten\u021bia colect\u0103rii datelor, prelucrarea \u0219i utilizarea ulterioar\u0103 a datelor de c\u0103tre Facebook, precum \u0219i drepturile \u0219i set\u0103rile pe care le pute\u021bi configura pentru a v\u0103 proteja confiden\u021bialitatea, v\u0103 rug\u0103m s\u0103 consulta\u021bi\u00a0<a href=\"https:\/\/www.facebook.com\/about\/privacy\/update\">Comunicarea Facebook privind protec\u021bia datelor<\/a>.<\/p>\r\n<p>Dac\u0103 nu dori\u021bi ca Facebook s\u0103 colecteze date despre dumneavoastr\u0103 prin intermediul site-ului nostru, trebuie s\u0103 v\u0103 deconecta\u021bi de la Facebook \u00eenainte de a vizita site-ul nostru.<\/p>\r\n<p><strong>YOUTUBE<\/strong><\/p>\r\n<p>Site-ul nostru utilizeaz\u0103 platforma video YouTube, care este operat\u0103 de YouTube LLC, 901 Cherry Ave. San Bruno, CA 94066, USA. YouTube este o platform\u0103 care permite redarea fi\u0219ierelor audio \u0219i video.<\/p>\r\n<p>C\u00e2nd accesa\u021bi o pagin\u0103 pe site-ul nostru, playerul YouTube integrat stabile\u0219te o conexiune cu YouTube pentru a asigura transmiterea tehnic\u0103 a fi\u0219ierului video sau audio. C\u00e2nd se stabile\u0219te conexiunea cu YouTube, datele sunt transferate pe YouTube.<\/p>\r\n<p>Pentru informa\u021bii despre scopul \u0219i inten\u021bia colect\u0103rii datelor, prelucrarea \u0219i utilizarea ulterioar\u0103 a datelor de c\u0103tre YouTube, precum \u0219i drepturile \u0219i set\u0103rile pe care le pute\u021bi configura pentru a v\u0103 proteja confiden\u021bialitatea, consulta\u021bi\u00a0Comunicarea YouTube privind protec\u021bia datelor.<\/p>\r\n<p><strong>GOOGLE ANALYTICS<\/strong><\/p>\r\n<p>Acest site utilizeaz\u0103 Google Analytics, un serviciu de analiz\u0103 web furnizat de Google Inc. (\u201eGoogle\u201d). Google Analytics folose\u0219te a\u0219a-numitele cookie-uri, fi\u0219iere text care sunt stocate pe computerul dumneavoastr\u0103 \u0219i care permit analiza utiliz\u0103rii de c\u0103tre dumneavoastr\u0103 a site-ului web. Informa\u021biile despre utilizarea de c\u0103tre dumneavoastr\u0103 a acestui site web (inclusiv adresa IP) colectate de c\u0103tre modulul cookie sunt transmise la un server Google din SUA \u0219i stocate acolo. Cu toate acestea, dac\u0103 anonimizarea IP este activat\u0103 pe acest site, adresa dumneavoastr\u0103 IP este abreviat\u0103 anterior de Google \u00een statele membre ale Uniunii Europene sau \u00een alte state p\u0103r\u021bi la Acordul privind Spa\u021biul Economic European.<\/p>\r\n<p>Numai \u00een cazuri excep\u021bionale, adresa IP complet\u0103 va fi transferat\u0103 pe un server Google \u00een Statele Unite \u0219i abreviat\u0103 acolo. Google va utiliza aceste informa\u021bii \u00een numele operatorului acestui site web \u00een scopul evalu\u0103rii utiliz\u0103rii de c\u0103tre dumneavoastr\u0103 a site-ului web, al compil\u0103rii rapoartelor privind activitatea site-ului web pentru operatorii de site \u0219i al\u00a0furniz\u0103rii\u00a0catre ace\u0219tia\u00a0de\u00a0alte servicii referitoare la utilizarea site-ului web \u0219i utilizarea Internetului. Adresa IP transferat\u0103 de browserul dumneavoastr\u0103 \u00een timpul utiliz\u0103rii Google Analytics nu va fi asociat\u0103 cu alte date de\u021binute de Google.<\/p>\r\n<p><strong>NEAUTORIZAREA GOOGLE ANALYTICS<\/strong><\/p>\r\n<p>Pute\u021bi refuza utilizarea cookie-urilor prin selectarea set\u0103rilor corespunz\u0103toare din software-ul browserului dumneavoastr\u0103, cu toate acestea, re\u021bine\u021bi c\u0103, dac\u0103 face\u021bi acest lucru, este posibil s\u0103 nu pute\u021bi utiliza func\u021bionalitatea complet\u0103 a acestui site web. Mai mult, pute\u021bi preveni colectarea datelor generate de cookie \u0219i pe baza utiliz\u0103rii de c\u0103tre dumneavoastr\u0103 a site-ului web (incluz\u00e2nd adresa dumneavoastr\u0103 IP) \u0219i prelucrarea acestor date de c\u0103tre Google prin desc\u0103rcarea \u0219i instalarea pluginului din browser disponibil sub urm\u0103torul link: (<a href=\"https:\/\/tools.google.com\/dlpage\/gaoptout\">https:\/\/tools.google.com\/dlpage\/gaoptout<\/a>). Informa\u021bii suplimentare privind acest subiect pot fi g\u0103site la\u00a0<a href=\"https:\/\/tools.google.com\/dlpage\/gaoptout\">https:\/\/tools.google.com\/dlpage\/gaoptout<\/a>\u00a0sau\u00a0<a href=\"https:\/\/www.google.com\/analytics\/learn\/privacy.html\">https:\/\/www.google.com\/analytics\/learn\/privacy.html<\/a>\u00a0(Informa\u021bii generale despre Google Analytics \u0219i protec\u021bia datelor). Dorim s\u0103 v\u0103 inform\u0103m c\u0103 acest site web a extins Google Analytics folosind codul \u201e_anonymizeIp ()\u201d pentru a asigura colectarea anonim\u0103 de adrese IP (a\u0219a-numita mascare a IP).<\/p>\r\n<p><strong>UTILIZAREA H\u0102R\u021aILOR GOOGLE<\/strong><\/p>\r\n<p>Acest site utilizeaz\u0103 Google Maps pentru a afi\u0219a un plan de situs. Google Maps este operat de Google Inc., 1600 Amphitheatre Parkway, Mountain View, CA 94043, USA. Prin utilizarea acestui site, sunte\u021bi de acord c\u0103 datele generate automat \u0219i datele pe care le-a\u021bi introdus pot fi adunate, prelucrate \u0219i utilizate de Google, de un reprezentant sau de furnizori ter\u021b\u0103-parte.<\/p>\r\n<p>Termenii de utilizare pentru Google Maps pot fi g\u0103si\u021bi la\u00a0<a href=\"https:\/\/www.google.com\/intl\/ro_ro\/help\/terms_maps.html\">Terms of Use for Google Maps<\/a>. Mai multe detalii g\u0103si\u021bi \u00een centrul de protec\u021bie a datelor din google.ro:\u00a0<a href=\"https:\/\/policies.google.com\/privacy?hl=ro&amp;gl=ro\">Data Protection Regulations<\/a>.<\/p>\r\n<p><strong>DREPTURILE DUMNEAVOASTR\u0102<\/strong><\/p>\r\n<p>Ave\u021bi dreptul s\u0103 primi\u021bi informa\u021bii \u00een orice moment cu privire la datele stocate despre dumneavoastr\u0103, originea \u0219i destinatarii, \u00eempreun\u0103 cu scopul stoc\u0103rii datelor.<\/p>\r\n<p>\u00cen plus, ave\u021bi, de asemenea, dreptul la corectarea sau \u0219tergerea datelor dumneavoastr\u0103 personale colectate de noi, care pot fi, de asemenea, incomplete, incorecte sau dep\u0103\u0219ite. Ne asigur\u0103m \u00eentotdeauna c\u0103 datele dumneavoastr\u0103 sunt procesate numai dac\u0103 avem autoriza\u021bie \u00een conformitate cu reglementarea de baz\u0103 privind protec\u021bia datelor. Datele personale sunt \u0219terse dac\u0103 revoca\u021bi consim\u021b\u0103m\u00e2ntul dumneavoastr\u0103, dac\u0103 prelucrarea datelor personale nu mai este necesar\u0103 pentru a \u00eendeplini scopul ini\u021bial sau dac\u0103 datele personale sunt procesate ilegal.<\/p>\r\n<p>V\u0103 rug\u0103m s\u0103 ne contacta\u021bi la <a href=\"mailto:magazin@pioneer-rtor.ro\">magazin@pioneer-rtor.ro<\/a><\/p>\r\n<p>Sau s\u0103 utiliza\u021bi formularul de contact\u00a0s\u0103 ne solicita\u021bi s\u0103 nu folosim \u0219i\/sau s\u0103 \u0219tergem datele dumneavoastr\u0103 personale \u0219i vom proceda corespunz\u0103tor. Datele care sunt absolut necesare pentru procesarea comenzilor sau \u00een scopuri comerciale nu sunt afectate de o revocare, cu alte cuvinte o \u0219tergere. Sper\u0103m c\u0103 \u00een\u021belege\u021bi c\u0103, \u00een cazul unei revoc\u0103ri, nu vom mai putea oferi servicii personalizate, deoarece acestea se bazeaz\u0103 pe utilizarea datelor de la clien\u021bi.<\/p>\r\n<p>Mai mult, ave\u021bi dreptul s\u0103 primi\u021bi datele dumneavoastr\u0103 \u00eentr-un format structurat, actuale \u0219i \u00een format care poate fi citit de ma\u0219in\u0103 sau s\u0103 fie\u00a0transferate unei ter\u021be p\u0103r\u021bi.<\/p>\r\n<p>Dac\u0103 sunte\u021bi de p\u0103rere c\u0103 am \u00eenc\u0103lcat reglement\u0103rile valabile privind protec\u021bia datelor, ave\u021bi op\u021biunea de a ne contacta la <a href=\"mailto:magazin@pioneer-rtor.ro\">magazin@pioneer-rtor.ro<\/a><\/p>\r\n<p>Pentru a v\u0103 proteja intimitatea \u0219i securitatea, vom lua m\u0103surile rezonabile pentru a v\u0103 ajuta s\u0103 v\u0103 verific\u0103m identitatea \u00eenainte de a v\u0103 oferi informa\u021bii prin po\u0219t\u0103 sau a efectua\u00a0o corectare sau o \u0219tergere corespunz\u0103toare.<\/p>\r\n<p><strong>CONTACT<\/strong><\/p>\r\n<p>\u00cencrederea dumneavoastr\u0103 este important\u0103 pentru noi. Prin urmare, am fi bucuro\u0219i s\u0103 r\u0103spundem la toate \u00eentreb\u0103rile privind prelucrarea datelor dumneavoastr\u0103 personale.<\/p>\r\n<p><strong>Acest website folose\u0219te cookies pentru a ne asigura c\u0103 ave\u021bi parte de o experien\u021b\u0103 pl\u0103cut\u0103 de navigare.<\/strong><\/p>\r\n<p>Navigarea pe oricare dintre paginile website-ului nostru \u00eenseamn\u0103 acordul dumneavoastr\u0103 \u00een leg\u0103tur\u0103 cu politica noastr\u0103 de cookies.<\/p>\r\n","protected":false},"excerpt":{"rendered":"<p>REGLEMENT\u0102RI PRIVIND PROTEC\u021aIA DATELOR La PIONEER-GRUP ne preocup\u0103m foarte serios de protec\u021bia datelor dumneavoastr\u0103 personale \u0219i respect\u0103m cu stricte\u021be regulile din Legea privind protec\u021bia datelor. Pe acest site, colect\u0103m numai date personale \u00een m\u0103sura \u00een care este necesar tehnic. \u00cen niciun caz, datele pe care le colect\u0103m nu sunt v\u00e2ndute sau transmise unor ter\u021be p\u0103r\u021bi [&#8230;]\n","protected":false},"author":1,"featured_media":0,"parent":0,"menu_order":0,"comment_status":"closed","ping_status":"closed","template":"","meta":{"footnotes":""},"class_list":["post-3","page","type-page","status-publish","hentry"],"_links":{"self":[{"href":"https:\/\/www.pioneergrup.ro\/magazin\/wp-json\/wp\/v2\/pages\/3","targetHints":{"allow":["GET"]}}],"collection":[{"href":"https:\/\/www.pioneergrup.ro\/magazin\/wp-json\/wp\/v2\/pages"}],"about":[{"href":"https:\/\/www.pioneergrup.ro\/magazin\/wp-json\/wp\/v2\/types\/page"}],"author":[{"embeddable":true,"href":"https:\/\/www.pioneergrup.ro\/magazin\/wp-json\/wp\/v2\/users\/1"}],"replies":[{"embeddable":true,"href":"https:\/\/www.pioneergrup.ro\/magazin\/wp-json\/wp\/v2\/comments?post=3"}],"version-history":[{"count":0,"href":"https:\/\/www.pioneergrup.ro\/magazin\/wp-json\/wp\/v2\/pages\/3\/revisions"}],"wp:attachment":[{"href":"https:\/\/www.pioneergrup.ro\/magazin\/wp-json\/wp\/v2\/media?parent=3"}],"curies":[{"name":"wp","href":"https:\/\/api.w.org\/{rel}","templated":true}]}}